{"id":30348,"date":"2025-03-08T00:14:51","date_gmt":"2025-03-07T23:14:51","guid":{"rendered":"https:\/\/academy.vg\/event\/course\/"},"modified":"2025-06-03T17:28:08","modified_gmt":"2025-06-03T15:28:08","slug":"course","status":"publish","type":"tribe_events","link":"https:\/\/academy.vg\/fr\/event\/course\/","title":{"rendered":"Cours : Les Tournesols : la puissance d\u2019une marque"},"content":{"rendered":"<div class=\"fusion-fullwidth fullwidth-box fusion-builder-row-1 fusion-flex-container has-pattern-background has-mask-background nonhundred-percent-fullwidth non-hundred-percent-height-scrolling\" style=\"--awb-border-radius-top-left:0px;--awb-border-radius-top-right:0px;--awb-border-radius-bottom-right:0px;--awb-border-radius-bottom-left:0px;--awb-flex-wrap:wrap;\" ><div class=\"fusion-builder-row fusion-row fusion-flex-align-items-flex-start fusion-flex-content-wrap\" style=\"max-width:93.6%;margin-left: calc(-4% \/ 2 );margin-right: calc(-4% \/ 2 );\"><div class=\"fusion-layout-column fusion_builder_column fusion-builder-column-0 fusion_builder_column_1_1 1_1 fusion-flex-column\" style=\"--awb-bg-size:cover;--awb-width-large:100%;--awb-margin-top-large:0px;--awb-spacing-right-large:1.92%;--awb-margin-bottom-large:20px;--awb-spacing-left-large:1.92%;--awb-width-medium:100%;--awb-order-medium:0;--awb-spacing-right-medium:1.92%;--awb-spacing-left-medium:1.92%;--awb-width-small:100%;--awb-order-small:0;--awb-spacing-right-small:1.92%;--awb-spacing-left-small:1.92%;\"><div class=\"fusion-column-wrapper fusion-column-has-shadow fusion-flex-justify-content-flex-start fusion-content-layout-column\"><div class=\"fusion-text fusion-text-1\"><p>Cours assur\u00e9 par Wouter van der Veen<\/p>\n<p>Les <strong>Tournesols<\/strong> de Van Gogh comptent parmi les \u0153uvres les plus c\u00e9l\u00e8bres de l\u2019histoire de l\u2019art. Mais au-del\u00e0 de leur beaut\u00e9 \u00e9clatante et de leur symbolisme puissant, ces fleurs ont jou\u00e9 un r\u00f4le essentiel dans la construction de l\u2019image de l\u2019artiste. Van Gogh les revendiquait comme son embl\u00e8me \u2013 \u00ab <em>Les Tournesols sont \u00e0 moi<\/em> \u00bb \u2013 et les utilisait comme un v\u00e9ritable outil de promotion personnelle. Bien avant l\u2019\u00e8re du marketing moderne, il a su cr\u00e9er une signature visuelle forte, imm\u00e9diatement reconnaissable, qui a contribu\u00e9 \u00e0 forger sa l\u00e9gende. Cette analyse fascinante d\u00e9voilera comment Van Gogh a fait des <strong>Tournesols<\/strong> bien plus qu\u2019un simple motif : un marqueur identitaire et un atout strat\u00e9gique d\u2019une efficacit\u00e9 in\u00e9gal\u00e9e.<\/p>\n<p>60 minutes, suivi d\u2019un verre de l\u2019amiti\u00e9 offert.<\/p>\n<\/div><\/div><\/div><\/div><\/div>\n","protected":false},"excerpt":{"rendered":"","protected":false},"author":1,"featured_media":30591,"template":"","meta":{"give_campaign_id":0,"_price":"","_stock":"","_tribe_ticket_header":"","_tribe_default_ticket_provider":"Tribe__Tickets_Plus__Commerce__WooCommerce__Main","_tribe_ticket_capacity":"","_ticket_start_date":"","_ticket_end_date":"","_tribe_ticket_show_description":"","_tribe_ticket_show_not_going":false,"_tribe_ticket_use_global_stock":"","_tribe_ticket_global_stock_level":"","_global_stock_mode":"","_global_stock_cap":"","_tribe_rsvp_for_event":"","_tribe_ticket_going_count":"","_tribe_ticket_not_going_count":"","_tribe_tickets_list":"[]","_tribe_ticket_has_attendee_info_fields":false,"_tribe_events_status":"","_tribe_events_status_reason":"","_tribe_events_is_hybrid":"","_tribe_events_is_virtual":"","_tribe_events_virtual_video_source":"","_tribe_events_virtual_embed_video":"","_tribe_events_virtual_linked_button_text":"","_tribe_events_virtual_linked_button":"","_tribe_events_virtual_show_embed_at":"","_tribe_events_virtual_show_embed_to":[],"_tribe_events_virtual_show_on_event":"","_tribe_events_virtual_show_on_views":"","_tribe_events_virtual_url":"","footnotes":"","_tec_slr_enabled":"","_tec_slr_layout":""},"tags":[],"tribe_events_cat":[351],"class_list":["post-30348","tribe_events","type-tribe_events","status-publish","has-post-thumbnail","hentry","tribe_events_cat-conferences-et-rencontres","cat_conferences-et-rencontres"],"yoast_head":"<!-- This site is optimized with the Yoast SEO plugin v27.3 - https:\/\/yoast.com\/product\/yoast-seo-wordpress\/ -->\n<title>Cours : Les Tournesols : la puissance d\u2019une marque - Van Gogh Academy<\/title>\n<meta name=\"robots\" content=\"index, follow, max-snippet:-1, max-image-preview:large, max-video-preview:-1\" \/>\n<link rel=\"canonical\" href=\"https:\/\/academy.vg\/fr\/event\/course\/\" \/>\n<meta property=\"og:locale\" content=\"fr_FR\" \/>\n<meta property=\"og:type\" content=\"article\" \/>\n<meta property=\"og:title\" content=\"Cours : Les Tournesols : la puissance d\u2019une marque - Van Gogh Academy\" \/>\n<meta property=\"og:url\" content=\"https:\/\/academy.vg\/fr\/event\/course\/\" \/>\n<meta property=\"og:site_name\" content=\"Van Gogh Academy\" \/>\n<meta property=\"article:modified_time\" content=\"2025-06-03T15:28:08+00:00\" \/>\n<meta property=\"og:image\" content=\"https:\/\/academy.vg\/wp-content\/uploads\/2025\/03\/10052025.jpg\" \/>\n\t<meta property=\"og:image:width\" content=\"698\" \/>\n\t<meta property=\"og:image:height\" content=\"1024\" \/>\n\t<meta property=\"og:image:type\" content=\"image\/jpeg\" \/>\n<meta name=\"twitter:card\" content=\"summary_large_image\" \/>\n<meta name=\"twitter:label1\" content=\"Dur\u00e9e de lecture estim\u00e9e\" \/>\n\t<meta name=\"twitter:data1\" content=\"1 minute\" \/>\n<script type=\"application\/ld+json\" class=\"yoast-schema-graph\">{\"@context\":\"https:\\\/\\\/schema.org\",\"@graph\":[{\"@type\":\"WebPage\",\"@id\":\"https:\\\/\\\/academy.vg\\\/fr\\\/event\\\/course\\\/\",\"url\":\"https:\\\/\\\/academy.vg\\\/fr\\\/event\\\/course\\\/\",\"name\":\"Cours : Les Tournesols : la puissance d\u2019une marque - Van Gogh Academy\",\"isPartOf\":{\"@id\":\"https:\\\/\\\/academy.vg\\\/fr\\\/#website\"},\"primaryImageOfPage\":{\"@id\":\"https:\\\/\\\/academy.vg\\\/fr\\\/event\\\/course\\\/#primaryimage\"},\"image\":{\"@id\":\"https:\\\/\\\/academy.vg\\\/fr\\\/event\\\/course\\\/#primaryimage\"},\"thumbnailUrl\":\"https:\\\/\\\/academy.vg\\\/wp-content\\\/uploads\\\/2025\\\/03\\\/10052025.jpg\",\"datePublished\":\"2025-03-07T23:14:51+00:00\",\"dateModified\":\"2025-06-03T15:28:08+00:00\",\"breadcrumb\":{\"@id\":\"https:\\\/\\\/academy.vg\\\/fr\\\/event\\\/course\\\/#breadcrumb\"},\"inLanguage\":\"fr-FR\",\"potentialAction\":[{\"@type\":\"ReadAction\",\"target\":[\"https:\\\/\\\/academy.vg\\\/fr\\\/event\\\/course\\\/\"]}]},{\"@type\":\"ImageObject\",\"inLanguage\":\"fr-FR\",\"@id\":\"https:\\\/\\\/academy.vg\\\/fr\\\/event\\\/course\\\/#primaryimage\",\"url\":\"https:\\\/\\\/academy.vg\\\/wp-content\\\/uploads\\\/2025\\\/03\\\/10052025.jpg\",\"contentUrl\":\"https:\\\/\\\/academy.vg\\\/wp-content\\\/uploads\\\/2025\\\/03\\\/10052025.jpg\",\"width\":698,\"height\":1024},{\"@type\":\"BreadcrumbList\",\"@id\":\"https:\\\/\\\/academy.vg\\\/fr\\\/event\\\/course\\\/#breadcrumb\",\"itemListElement\":[{\"@type\":\"ListItem\",\"position\":1,\"name\":\"\u00c9v\u00e8nements\",\"item\":\"https:\\\/\\\/academy.vg\\\/fr\\\/events\\\/\"},{\"@type\":\"ListItem\",\"position\":2,\"name\":\"Cours : Les Tournesols : la puissance d\u2019une marque\"}]},{\"@type\":\"WebSite\",\"@id\":\"https:\\\/\\\/academy.vg\\\/fr\\\/#website\",\"url\":\"https:\\\/\\\/academy.vg\\\/fr\\\/\",\"name\":\"The Van Gogh Academy\",\"description\":\"Des racines aux \u00e9toiles\",\"potentialAction\":[{\"@type\":\"SearchAction\",\"target\":{\"@type\":\"EntryPoint\",\"urlTemplate\":\"https:\\\/\\\/academy.vg\\\/fr\\\/?s={search_term_string}\"},\"query-input\":{\"@type\":\"PropertyValueSpecification\",\"valueRequired\":true,\"valueName\":\"search_term_string\"}}],\"inLanguage\":\"fr-FR\"}]}<\/script>\n<!-- \/ Yoast SEO plugin. -->","yoast_head_json":{"title":"Cours : Les Tournesols : la puissance d\u2019une marque - Van Gogh Academy","robots":{"index":"index","follow":"follow","max-snippet":"max-snippet:-1","max-image-preview":"max-image-preview:large","max-video-preview":"max-video-preview:-1"},"canonical":"https:\/\/academy.vg\/fr\/event\/course\/","og_locale":"fr_FR","og_type":"article","og_title":"Cours : Les Tournesols : la puissance d\u2019une marque - Van Gogh Academy","og_url":"https:\/\/academy.vg\/fr\/event\/course\/","og_site_name":"Van Gogh Academy","article_modified_time":"2025-06-03T15:28:08+00:00","og_image":[{"width":698,"height":1024,"url":"https:\/\/academy.vg\/wp-content\/uploads\/2025\/03\/10052025.jpg","type":"image\/jpeg"}],"twitter_card":"summary_large_image","twitter_misc":{"Dur\u00e9e de lecture estim\u00e9e":"1 minute"},"schema":{"@context":"https:\/\/schema.org","@graph":[{"@type":"WebPage","@id":"https:\/\/academy.vg\/fr\/event\/course\/","url":"https:\/\/academy.vg\/fr\/event\/course\/","name":"Cours : Les Tournesols : la puissance d\u2019une marque - Van Gogh Academy","isPartOf":{"@id":"https:\/\/academy.vg\/fr\/#website"},"primaryImageOfPage":{"@id":"https:\/\/academy.vg\/fr\/event\/course\/#primaryimage"},"image":{"@id":"https:\/\/academy.vg\/fr\/event\/course\/#primaryimage"},"thumbnailUrl":"https:\/\/academy.vg\/wp-content\/uploads\/2025\/03\/10052025.jpg","datePublished":"2025-03-07T23:14:51+00:00","dateModified":"2025-06-03T15:28:08+00:00","breadcrumb":{"@id":"https:\/\/academy.vg\/fr\/event\/course\/#breadcrumb"},"inLanguage":"fr-FR","potentialAction":[{"@type":"ReadAction","target":["https:\/\/academy.vg\/fr\/event\/course\/"]}]},{"@type":"ImageObject","inLanguage":"fr-FR","@id":"https:\/\/academy.vg\/fr\/event\/course\/#primaryimage","url":"https:\/\/academy.vg\/wp-content\/uploads\/2025\/03\/10052025.jpg","contentUrl":"https:\/\/academy.vg\/wp-content\/uploads\/2025\/03\/10052025.jpg","width":698,"height":1024},{"@type":"BreadcrumbList","@id":"https:\/\/academy.vg\/fr\/event\/course\/#breadcrumb","itemListElement":[{"@type":"ListItem","position":1,"name":"\u00c9v\u00e8nements","item":"https:\/\/academy.vg\/fr\/events\/"},{"@type":"ListItem","position":2,"name":"Cours : Les Tournesols : la puissance d\u2019une marque"}]},{"@type":"WebSite","@id":"https:\/\/academy.vg\/fr\/#website","url":"https:\/\/academy.vg\/fr\/","name":"The Van Gogh Academy","description":"Des racines aux \u00e9toiles","potentialAction":[{"@type":"SearchAction","target":{"@type":"EntryPoint","urlTemplate":"https:\/\/academy.vg\/fr\/?s={search_term_string}"},"query-input":{"@type":"PropertyValueSpecification","valueRequired":true,"valueName":"search_term_string"}}],"inLanguage":"fr-FR"}]}},"ticketed":["rsvp"],"_links":{"self":[{"href":"https:\/\/academy.vg\/fr\/wp-json\/wp\/v2\/tribe_events\/30348","targetHints":{"allow":["GET"]}}],"collection":[{"href":"https:\/\/academy.vg\/fr\/wp-json\/wp\/v2\/tribe_events"}],"about":[{"href":"https:\/\/academy.vg\/fr\/wp-json\/wp\/v2\/types\/tribe_events"}],"author":[{"embeddable":true,"href":"https:\/\/academy.vg\/fr\/wp-json\/wp\/v2\/users\/1"}],"version-history":[{"count":1,"href":"https:\/\/academy.vg\/fr\/wp-json\/wp\/v2\/tribe_events\/30348\/revisions"}],"predecessor-version":[{"id":32761,"href":"https:\/\/academy.vg\/fr\/wp-json\/wp\/v2\/tribe_events\/30348\/revisions\/32761"}],"wp:featuredmedia":[{"embeddable":true,"href":"https:\/\/academy.vg\/fr\/wp-json\/wp\/v2\/media\/30591"}],"wp:attachment":[{"href":"https:\/\/academy.vg\/fr\/wp-json\/wp\/v2\/media?parent=30348"}],"wp:term":[{"taxonomy":"post_tag","embeddable":true,"href":"https:\/\/academy.vg\/fr\/wp-json\/wp\/v2\/tags?post=30348"},{"taxonomy":"tribe_events_cat","embeddable":true,"href":"https:\/\/academy.vg\/fr\/wp-json\/wp\/v2\/tribe_events_cat?post=30348"}],"curies":[{"name":"wp","href":"https:\/\/api.w.org\/{rel}","templated":true}]}}

<div class="fusion-fullwidth fullwidth-box fusion-builder-row-1 fusion-flex-container has-pattern-background has-mask-background nonhundred-percent-fullwidth non-hundred-percent-height-scrolling" style="--awb-border-radius-top-left:0px;--awb-border-radius-top-right:0px;--awb-border-radius-bottom-right:0px;--awb-border-radius-bottom-left:0px;--awb-flex-wrap:wrap;" ><div class="fusion-builder-row fusion-row fusion-flex-align-items-flex-start fusion-flex-content-wrap" style="max-width:93.6%;margin-left: calc(-4% / 2 );margin-right: calc(-4% / 2 );"><div class="fusion-layout-column fusion_builder_column fusion-builder-column-0 fusion_builder_column_1_1 1_1 fusion-flex-column" style="--awb-bg-size:cover;--awb-width-large:100%;--awb-margin-top-large:0px;--awb-spacing-right-large:1.92%;--awb-margin-bottom-large:20px;--awb-spacing-left-large:1.92%;--awb-width-medium:100%;--awb-order-medium:0;--awb-spacing-right-medium:1.92%;--awb-spacing-left-medium:1.92%;--awb-width-small:100%;--awb-order-small:0;--awb-spacing-right-small:1.92%;--awb-spacing-left-small:1.92%;"><div class="fusion-column-wrapper fusion-column-has-shadow fusion-flex-justify-content-flex-start fusion-content-layout-column"><div class="fusion-text fusion-text-1"><p>Cours assuré par Wouter van der Veen</p>
<p>Les <strong>Tournesols</strong> de Van Gogh comptent parmi les œuvres les plus célèbres de l’histoire de l’art. Mais au-delà de leur beauté éclatante et de leur symbolisme puissant, ces fleurs ont joué un rôle essentiel dans la construction de l’image de l’artiste. Van Gogh les revendiquait comme son emblème – « <em>Les Tournesols sont à moi</em> » – et les utilisait comme un véritable outil de promotion personnelle. Bien avant l’ère du marketing moderne, il a su créer une signature visuelle forte, immédiatement reconnaissable, qui a contribué à forger sa légende. Cette analyse fascinante dévoilera comment Van Gogh a fait des <strong>Tournesols</strong> bien plus qu’un simple motif : un marqueur identitaire et un atout stratégique d’une efficacité inégalée.</p>
<p>60 minutes, suivi d’un verre de l’amitié offert.</p>
</div></div></div></div></div>

<!-- This site is optimized with the Yoast SEO plugin v27.3 - https://yoast.com/product/yoast-seo-wordpress/ -->
<title>Cours : Les Tournesols : la puissance d’une marque - Van Gogh Academy</title>
<meta name="robots" content="index, follow, max-snippet:-1, max-image-preview:large, max-video-preview:-1" />
<link rel="canonical" href="https://academy.vg/fr/event/course/" />
<meta property="og:locale" content="fr_FR" />
<meta property="og:type" content="article" />
<meta property="og:title" content="Cours : Les Tournesols : la puissance d’une marque - Van Gogh Academy" />
<meta property="og:url" content="https://academy.vg/fr/event/course/" />
<meta property="og:site_name" content="Van Gogh Academy" />
<meta property="article:modified_time" content="2025-06-03T15:28:08+00:00" />
<meta property="og:image" content="https://academy.vg/wp-content/uploads/2025/03/10052025.jpg" />
	<meta property="og:image:width" content="698" />
	<meta property="og:image:height" content="1024" />
	<meta property="og:image:type" content="image/jpeg" />
<meta name="twitter:card" content="summary_large_image" />
<meta name="twitter:label1" content="Durée de lecture estimée" />
	<meta name="twitter:data1" content="1 minute" />
<script type="application/ld+json" class="yoast-schema-graph">{"@context":"https:\/\/schema.org","@graph":[{"@type":"WebPage","@id":"https:\/\/academy.vg\/fr\/event\/course\/","url":"https:\/\/academy.vg\/fr\/event\/course\/","name":"Cours : Les Tournesols : la puissance d’une marque - Van Gogh Academy","isPartOf":{"@id":"https:\/\/academy.vg\/fr\/#website"},"primaryImageOfPage":{"@id":"https:\/\/academy.vg\/fr\/event\/course\/#primaryimage"},"image":{"@id":"https:\/\/academy.vg\/fr\/event\/course\/#primaryimage"},"thumbnailUrl":"https:\/\/academy.vg\/wp-content\/uploads\/2025\/03\/10052025.jpg","datePublished":"2025-03-07T23:14:51+00:00","dateModified":"2025-06-03T15:28:08+00:00","breadcrumb":{"@id":"https:\/\/academy.vg\/fr\/event\/course\/#breadcrumb"},"inLanguage":"fr-FR","potentialAction":[{"@type":"ReadAction","target":["https:\/\/academy.vg\/fr\/event\/course\/"]}]},{"@type":"ImageObject","inLanguage":"fr-FR","@id":"https:\/\/academy.vg\/fr\/event\/course\/#primaryimage","url":"https:\/\/academy.vg\/wp-content\/uploads\/2025\/03\/10052025.jpg","contentUrl":"https:\/\/academy.vg\/wp-content\/uploads\/2025\/03\/10052025.jpg","width":698,"height":1024},{"@type":"BreadcrumbList","@id":"https:\/\/academy.vg\/fr\/event\/course\/#breadcrumb","itemListElement":[{"@type":"ListItem","position":1,"name":"Évènements","item":"https:\/\/academy.vg\/fr\/events\/"},{"@type":"ListItem","position":2,"name":"Cours : Les Tournesols : la puissance d’une marque"}]},{"@type":"WebSite","@id":"https:\/\/academy.vg\/fr\/#website","url":"https:\/\/academy.vg\/fr\/","name":"The Van Gogh Academy","description":"Des racines aux étoiles","potentialAction":[{"@type":"SearchAction","target":{"@type":"EntryPoint","urlTemplate":"https:\/\/academy.vg\/fr\/?s={search_term_string}"},"query-input":{"@type":"PropertyValueSpecification","valueRequired":true,"valueName":"search_term_string"}}],"inLanguage":"fr-FR"}]}</script>
<!-- / Yoast SEO plugin. -->

Évènements

Des racines aux étoiles
