{"id":29641,"date":"2025-03-07T13:19:55","date_gmt":"2025-03-07T12:19:55","guid":{"rendered":"https:\/\/academy.vg\/event\/conference-van-gogh-et-les-couleurs-de-la-seine\/"},"modified":"2025-03-08T09:42:33","modified_gmt":"2025-03-08T08:42:33","slug":"conference-van-gogh-et-les-couleurs-de-la-seine","status":"publish","type":"tribe_events","link":"https:\/\/academy.vg\/fr\/event\/conference-van-gogh-et-les-couleurs-de-la-seine\/","title":{"rendered":"Conf\u00e9rence Van Gogh et les Couleurs de la Seine"},"content":{"rendered":"<div class=\"fusion-fullwidth fullwidth-box fusion-builder-row-1 fusion-flex-container has-pattern-background has-mask-background nonhundred-percent-fullwidth non-hundred-percent-height-scrolling\" style=\"--awb-border-radius-top-left:0px;--awb-border-radius-top-right:0px;--awb-border-radius-bottom-right:0px;--awb-border-radius-bottom-left:0px;--awb-flex-wrap:wrap;\" ><div class=\"fusion-builder-row fusion-row fusion-flex-align-items-flex-start fusion-flex-content-wrap\" style=\"max-width:93.6%;margin-left: calc(-4% \/ 2 );margin-right: calc(-4% \/ 2 );\"><div class=\"fusion-layout-column fusion_builder_column fusion-builder-column-0 fusion_builder_column_1_1 1_1 fusion-flex-column\" style=\"--awb-bg-size:cover;--awb-width-large:100%;--awb-margin-top-large:0px;--awb-spacing-right-large:1.92%;--awb-margin-bottom-large:20px;--awb-spacing-left-large:1.92%;--awb-width-medium:100%;--awb-order-medium:0;--awb-spacing-right-medium:1.92%;--awb-spacing-left-medium:1.92%;--awb-width-small:100%;--awb-order-small:0;--awb-spacing-right-small:1.92%;--awb-spacing-left-small:1.92%;\"><div class=\"fusion-column-wrapper fusion-column-has-shadow fusion-flex-justify-content-flex-start fusion-content-layout-column\"><div class=\"fusion-text fusion-text-1\"><p>A l&rsquo;invitation de la mairie, Wouter van der Veen revient donner une conf\u00e9rence \u00e0 Asni\u00e8res au cours de laquelle il explorera la dimension essentielle des couleurs de la Seine dans l\u2019\u0153uvre de Van Gogh et des Impressionnistes<\/p>\n<p>Pendant trois mois, entre mai et juillet 1887, Vincent Van Gogh peint les bords de Seine pr\u00e8s de Paris, cherchant \u00e0 saisir le paysage changeant et des couleurs qui lui semblent \u00e0 nul autre pareil. Le fleuve lui inspire de nouveaux motifs qu\u2019il traduit par un renouveau de couleurs et de techniques picturales. L\u2019\u00e9quilibre entre l\u2019activit\u00e9 humaine et le calme de la nature environnante traduit ainsi l\u2019harmonie recherch\u00e9e par Van Gogh dans son \u0153uvre&#8230;<\/p>\n<p>Sp\u00e9cialiste de renomm\u00e9e internationale de la vie de Van Gogh et directeur de la Van Gogh Academy, Wouter van der Veen d\u00e9dicacera ses ouvrages de 18h \u00e0 19h \u00e0 la Librairie Nouvelle puis \u00e0 l\u2019issue de la conf\u00e9rence \u00e0 l&rsquo;h\u00f4tel de ville.<\/p>\n<\/div><div ><a class=\"fusion-button button-flat fusion-button-default-size button-default fusion-button-default button-1 fusion-button-default-span fusion-button-default-type\" target=\"_blank\" rel=\"noopener noreferrer\" href=\"https:\/\/my.weezevent.com\/les-couleurs-de-la-seine-wouter-van-der-veen\"><span class=\"fusion-button-text awb-button__text awb-button__text--default\">R\u00e9server<\/span><\/a><\/div><\/div><\/div><\/div><\/div>\n","protected":false},"excerpt":{"rendered":"","protected":false},"author":1,"featured_media":29861,"template":"","meta":{"give_campaign_id":0,"_price":"","_stock":"","_tribe_ticket_header":"","_tribe_default_ticket_provider":"Tribe__Tickets_Plus__Commerce__WooCommerce__Main","_tribe_ticket_capacity":"0","_ticket_start_date":"","_ticket_end_date":"","_tribe_ticket_show_description":"","_tribe_ticket_show_not_going":false,"_tribe_ticket_use_global_stock":"","_tribe_ticket_global_stock_level":"","_global_stock_mode":"","_global_stock_cap":"","_tribe_rsvp_for_event":"","_tribe_ticket_going_count":"","_tribe_ticket_not_going_count":"","_tribe_tickets_list":"[]","_tribe_ticket_has_attendee_info_fields":false,"_tribe_events_status":"","_tribe_events_status_reason":"","_tribe_events_is_hybrid":"","_tribe_events_is_virtual":"","_tribe_events_virtual_video_source":"","_tribe_events_virtual_embed_video":"","_tribe_events_virtual_linked_button_text":"","_tribe_events_virtual_linked_button":"","_tribe_events_virtual_show_embed_at":"","_tribe_events_virtual_show_embed_to":[],"_tribe_events_virtual_show_on_event":"","_tribe_events_virtual_show_on_views":"","_tribe_events_virtual_url":"","footnotes":"","_tec_slr_enabled":"","_tec_slr_layout":""},"tags":[],"tribe_events_cat":[351],"class_list":["post-29641","tribe_events","type-tribe_events","status-publish","has-post-thumbnail","hentry","tribe_events_cat-conferences-et-rencontres","cat_conferences-et-rencontres"],"yoast_head":"<!-- This site is optimized with the Yoast SEO plugin v27.3 - https:\/\/yoast.com\/product\/yoast-seo-wordpress\/ -->\n<title>Conf\u00e9rence Van Gogh et les Couleurs de la Seine - Van Gogh Academy<\/title>\n<meta name=\"robots\" content=\"index, follow, max-snippet:-1, max-image-preview:large, max-video-preview:-1\" \/>\n<link rel=\"canonical\" href=\"https:\/\/academy.vg\/fr\/event\/conference-van-gogh-et-les-couleurs-de-la-seine\/\" \/>\n<meta property=\"og:locale\" content=\"fr_FR\" \/>\n<meta property=\"og:type\" content=\"article\" \/>\n<meta property=\"og:title\" content=\"Conf\u00e9rence Van Gogh et les Couleurs de la Seine - Van Gogh Academy\" \/>\n<meta property=\"og:url\" content=\"https:\/\/academy.vg\/fr\/event\/conference-van-gogh-et-les-couleurs-de-la-seine\/\" \/>\n<meta property=\"og:site_name\" content=\"Van Gogh Academy\" \/>\n<meta property=\"article:modified_time\" content=\"2025-03-08T08:42:33+00:00\" \/>\n<meta property=\"og:image\" content=\"https:\/\/academy.vg\/wp-content\/uploads\/2025\/03\/Couleurs-seine-Asnieres.jpg\" \/>\n\t<meta property=\"og:image:width\" content=\"910\" \/>\n\t<meta property=\"og:image:height\" content=\"610\" \/>\n\t<meta property=\"og:image:type\" content=\"image\/jpeg\" \/>\n<meta name=\"twitter:card\" content=\"summary_large_image\" \/>\n<script type=\"application\/ld+json\" class=\"yoast-schema-graph\">{\"@context\":\"https:\\\/\\\/schema.org\",\"@graph\":[{\"@type\":\"WebPage\",\"@id\":\"https:\\\/\\\/academy.vg\\\/fr\\\/event\\\/conference-van-gogh-et-les-couleurs-de-la-seine\\\/\",\"url\":\"https:\\\/\\\/academy.vg\\\/fr\\\/event\\\/conference-van-gogh-et-les-couleurs-de-la-seine\\\/\",\"name\":\"Conf\u00e9rence Van Gogh et les Couleurs de la Seine - Van Gogh Academy\",\"isPartOf\":{\"@id\":\"https:\\\/\\\/academy.vg\\\/fr\\\/#website\"},\"primaryImageOfPage\":{\"@id\":\"https:\\\/\\\/academy.vg\\\/fr\\\/event\\\/conference-van-gogh-et-les-couleurs-de-la-seine\\\/#primaryimage\"},\"image\":{\"@id\":\"https:\\\/\\\/academy.vg\\\/fr\\\/event\\\/conference-van-gogh-et-les-couleurs-de-la-seine\\\/#primaryimage\"},\"thumbnailUrl\":\"https:\\\/\\\/academy.vg\\\/wp-content\\\/uploads\\\/2025\\\/03\\\/Couleurs-seine-Asnieres.jpg\",\"datePublished\":\"2025-03-07T12:19:55+00:00\",\"dateModified\":\"2025-03-08T08:42:33+00:00\",\"breadcrumb\":{\"@id\":\"https:\\\/\\\/academy.vg\\\/fr\\\/event\\\/conference-van-gogh-et-les-couleurs-de-la-seine\\\/#breadcrumb\"},\"inLanguage\":\"fr-FR\",\"potentialAction\":[{\"@type\":\"ReadAction\",\"target\":[\"https:\\\/\\\/academy.vg\\\/fr\\\/event\\\/conference-van-gogh-et-les-couleurs-de-la-seine\\\/\"]}]},{\"@type\":\"ImageObject\",\"inLanguage\":\"fr-FR\",\"@id\":\"https:\\\/\\\/academy.vg\\\/fr\\\/event\\\/conference-van-gogh-et-les-couleurs-de-la-seine\\\/#primaryimage\",\"url\":\"https:\\\/\\\/academy.vg\\\/wp-content\\\/uploads\\\/2025\\\/03\\\/Couleurs-seine-Asnieres.jpg\",\"contentUrl\":\"https:\\\/\\\/academy.vg\\\/wp-content\\\/uploads\\\/2025\\\/03\\\/Couleurs-seine-Asnieres.jpg\",\"width\":910,\"height\":610},{\"@type\":\"BreadcrumbList\",\"@id\":\"https:\\\/\\\/academy.vg\\\/fr\\\/event\\\/conference-van-gogh-et-les-couleurs-de-la-seine\\\/#breadcrumb\",\"itemListElement\":[{\"@type\":\"ListItem\",\"position\":1,\"name\":\"\u00c9v\u00e8nements\",\"item\":\"https:\\\/\\\/academy.vg\\\/fr\\\/events\\\/\"},{\"@type\":\"ListItem\",\"position\":2,\"name\":\"Conf\u00e9rence Van Gogh et les Couleurs de la Seine\"}]},{\"@type\":\"WebSite\",\"@id\":\"https:\\\/\\\/academy.vg\\\/fr\\\/#website\",\"url\":\"https:\\\/\\\/academy.vg\\\/fr\\\/\",\"name\":\"The Van Gogh Academy\",\"description\":\"Des racines aux \u00e9toiles\",\"potentialAction\":[{\"@type\":\"SearchAction\",\"target\":{\"@type\":\"EntryPoint\",\"urlTemplate\":\"https:\\\/\\\/academy.vg\\\/fr\\\/?s={search_term_string}\"},\"query-input\":{\"@type\":\"PropertyValueSpecification\",\"valueRequired\":true,\"valueName\":\"search_term_string\"}}],\"inLanguage\":\"fr-FR\"}]}<\/script>\n<!-- \/ Yoast SEO plugin. -->","yoast_head_json":{"title":"Conf\u00e9rence Van Gogh et les Couleurs de la Seine - Van Gogh Academy","robots":{"index":"index","follow":"follow","max-snippet":"max-snippet:-1","max-image-preview":"max-image-preview:large","max-video-preview":"max-video-preview:-1"},"canonical":"https:\/\/academy.vg\/fr\/event\/conference-van-gogh-et-les-couleurs-de-la-seine\/","og_locale":"fr_FR","og_type":"article","og_title":"Conf\u00e9rence Van Gogh et les Couleurs de la Seine - Van Gogh Academy","og_url":"https:\/\/academy.vg\/fr\/event\/conference-van-gogh-et-les-couleurs-de-la-seine\/","og_site_name":"Van Gogh Academy","article_modified_time":"2025-03-08T08:42:33+00:00","og_image":[{"width":910,"height":610,"url":"https:\/\/academy.vg\/wp-content\/uploads\/2025\/03\/Couleurs-seine-Asnieres.jpg","type":"image\/jpeg"}],"twitter_card":"summary_large_image","schema":{"@context":"https:\/\/schema.org","@graph":[{"@type":"WebPage","@id":"https:\/\/academy.vg\/fr\/event\/conference-van-gogh-et-les-couleurs-de-la-seine\/","url":"https:\/\/academy.vg\/fr\/event\/conference-van-gogh-et-les-couleurs-de-la-seine\/","name":"Conf\u00e9rence Van Gogh et les Couleurs de la Seine - Van Gogh Academy","isPartOf":{"@id":"https:\/\/academy.vg\/fr\/#website"},"primaryImageOfPage":{"@id":"https:\/\/academy.vg\/fr\/event\/conference-van-gogh-et-les-couleurs-de-la-seine\/#primaryimage"},"image":{"@id":"https:\/\/academy.vg\/fr\/event\/conference-van-gogh-et-les-couleurs-de-la-seine\/#primaryimage"},"thumbnailUrl":"https:\/\/academy.vg\/wp-content\/uploads\/2025\/03\/Couleurs-seine-Asnieres.jpg","datePublished":"2025-03-07T12:19:55+00:00","dateModified":"2025-03-08T08:42:33+00:00","breadcrumb":{"@id":"https:\/\/academy.vg\/fr\/event\/conference-van-gogh-et-les-couleurs-de-la-seine\/#breadcrumb"},"inLanguage":"fr-FR","potentialAction":[{"@type":"ReadAction","target":["https:\/\/academy.vg\/fr\/event\/conference-van-gogh-et-les-couleurs-de-la-seine\/"]}]},{"@type":"ImageObject","inLanguage":"fr-FR","@id":"https:\/\/academy.vg\/fr\/event\/conference-van-gogh-et-les-couleurs-de-la-seine\/#primaryimage","url":"https:\/\/academy.vg\/wp-content\/uploads\/2025\/03\/Couleurs-seine-Asnieres.jpg","contentUrl":"https:\/\/academy.vg\/wp-content\/uploads\/2025\/03\/Couleurs-seine-Asnieres.jpg","width":910,"height":610},{"@type":"BreadcrumbList","@id":"https:\/\/academy.vg\/fr\/event\/conference-van-gogh-et-les-couleurs-de-la-seine\/#breadcrumb","itemListElement":[{"@type":"ListItem","position":1,"name":"\u00c9v\u00e8nements","item":"https:\/\/academy.vg\/fr\/events\/"},{"@type":"ListItem","position":2,"name":"Conf\u00e9rence Van Gogh et les Couleurs de la Seine"}]},{"@type":"WebSite","@id":"https:\/\/academy.vg\/fr\/#website","url":"https:\/\/academy.vg\/fr\/","name":"The Van Gogh Academy","description":"Des racines aux \u00e9toiles","potentialAction":[{"@type":"SearchAction","target":{"@type":"EntryPoint","urlTemplate":"https:\/\/academy.vg\/fr\/?s={search_term_string}"},"query-input":{"@type":"PropertyValueSpecification","valueRequired":true,"valueName":"search_term_string"}}],"inLanguage":"fr-FR"}]}},"ticketed":false,"_links":{"self":[{"href":"https:\/\/academy.vg\/fr\/wp-json\/wp\/v2\/tribe_events\/29641","targetHints":{"allow":["GET"]}}],"collection":[{"href":"https:\/\/academy.vg\/fr\/wp-json\/wp\/v2\/tribe_events"}],"about":[{"href":"https:\/\/academy.vg\/fr\/wp-json\/wp\/v2\/types\/tribe_events"}],"author":[{"embeddable":true,"href":"https:\/\/academy.vg\/fr\/wp-json\/wp\/v2\/users\/1"}],"version-history":[{"count":0,"href":"https:\/\/academy.vg\/fr\/wp-json\/wp\/v2\/tribe_events\/29641\/revisions"}],"wp:featuredmedia":[{"embeddable":true,"href":"https:\/\/academy.vg\/fr\/wp-json\/wp\/v2\/media\/29861"}],"wp:attachment":[{"href":"https:\/\/academy.vg\/fr\/wp-json\/wp\/v2\/media?parent=29641"}],"wp:term":[{"taxonomy":"post_tag","embeddable":true,"href":"https:\/\/academy.vg\/fr\/wp-json\/wp\/v2\/tags?post=29641"},{"taxonomy":"tribe_events_cat","embeddable":true,"href":"https:\/\/academy.vg\/fr\/wp-json\/wp\/v2\/tribe_events_cat?post=29641"}],"curies":[{"name":"wp","href":"https:\/\/api.w.org\/{rel}","templated":true}]}}

Conférence Van Gogh et les Couleurs de la Seine

<div class="fusion-fullwidth fullwidth-box fusion-builder-row-1 fusion-flex-container has-pattern-background has-mask-background nonhundred-percent-fullwidth non-hundred-percent-height-scrolling" style="--awb-border-radius-top-left:0px;--awb-border-radius-top-right:0px;--awb-border-radius-bottom-right:0px;--awb-border-radius-bottom-left:0px;--awb-flex-wrap:wrap;" ><div class="fusion-builder-row fusion-row fusion-flex-align-items-flex-start fusion-flex-content-wrap" style="max-width:93.6%;margin-left: calc(-4% / 2 );margin-right: calc(-4% / 2 );"><div class="fusion-layout-column fusion_builder_column fusion-builder-column-0 fusion_builder_column_1_1 1_1 fusion-flex-column" style="--awb-bg-size:cover;--awb-width-large:100%;--awb-margin-top-large:0px;--awb-spacing-right-large:1.92%;--awb-margin-bottom-large:20px;--awb-spacing-left-large:1.92%;--awb-width-medium:100%;--awb-order-medium:0;--awb-spacing-right-medium:1.92%;--awb-spacing-left-medium:1.92%;--awb-width-small:100%;--awb-order-small:0;--awb-spacing-right-small:1.92%;--awb-spacing-left-small:1.92%;"><div class="fusion-column-wrapper fusion-column-has-shadow fusion-flex-justify-content-flex-start fusion-content-layout-column"><div class="fusion-text fusion-text-1"><p>A l&rsquo;invitation de la mairie, Wouter van der Veen revient donner une conférence à Asnières au cours de laquelle il explorera la dimension essentielle des couleurs de la Seine dans l’œuvre de Van Gogh et des Impressionnistes</p>
<p>Pendant trois mois, entre mai et juillet 1887, Vincent Van Gogh peint les bords de Seine près de Paris, cherchant à saisir le paysage changeant et des couleurs qui lui semblent à nul autre pareil. Le fleuve lui inspire de nouveaux motifs qu’il traduit par un renouveau de couleurs et de techniques picturales. L’équilibre entre l’activité humaine et le calme de la nature environnante traduit ainsi l’harmonie recherchée par Van Gogh dans son œuvre&#8230;</p>
<p>Spécialiste de renommée internationale de la vie de Van Gogh et directeur de la Van Gogh Academy, Wouter van der Veen dédicacera ses ouvrages de 18h à 19h à la Librairie Nouvelle puis à l’issue de la conférence à l&rsquo;hôtel de ville.</p>
</div><div ><a class="fusion-button button-flat fusion-button-default-size button-default fusion-button-default button-1 fusion-button-default-span fusion-button-default-type" target="_blank" rel="noopener noreferrer" href="https://my.weezevent.com/les-couleurs-de-la-seine-wouter-van-der-veen"><span class="fusion-button-text awb-button__text awb-button__text--default">Réserver</span></a></div></div></div></div></div>

<!-- This site is optimized with the Yoast SEO plugin v27.3 - https://yoast.com/product/yoast-seo-wordpress/ -->
<title>Conférence Van Gogh et les Couleurs de la Seine - Van Gogh Academy</title>
<meta name="robots" content="index, follow, max-snippet:-1, max-image-preview:large, max-video-preview:-1" />
<link rel="canonical" href="https://academy.vg/fr/event/conference-van-gogh-et-les-couleurs-de-la-seine/" />
<meta property="og:locale" content="fr_FR" />
<meta property="og:type" content="article" />
<meta property="og:title" content="Conférence Van Gogh et les Couleurs de la Seine - Van Gogh Academy" />
<meta property="og:url" content="https://academy.vg/fr/event/conference-van-gogh-et-les-couleurs-de-la-seine/" />
<meta property="og:site_name" content="Van Gogh Academy" />
<meta property="article:modified_time" content="2025-03-08T08:42:33+00:00" />
<meta property="og:image" content="https://academy.vg/wp-content/uploads/2025/03/Couleurs-seine-Asnieres.jpg" />
	<meta property="og:image:width" content="910" />
	<meta property="og:image:height" content="610" />
	<meta property="og:image:type" content="image/jpeg" />
<meta name="twitter:card" content="summary_large_image" />
<script type="application/ld+json" class="yoast-schema-graph">{"@context":"https:\/\/schema.org","@graph":[{"@type":"WebPage","@id":"https:\/\/academy.vg\/fr\/event\/conference-van-gogh-et-les-couleurs-de-la-seine\/","url":"https:\/\/academy.vg\/fr\/event\/conference-van-gogh-et-les-couleurs-de-la-seine\/","name":"Conférence Van Gogh et les Couleurs de la Seine - Van Gogh Academy","isPartOf":{"@id":"https:\/\/academy.vg\/fr\/#website"},"primaryImageOfPage":{"@id":"https:\/\/academy.vg\/fr\/event\/conference-van-gogh-et-les-couleurs-de-la-seine\/#primaryimage"},"image":{"@id":"https:\/\/academy.vg\/fr\/event\/conference-van-gogh-et-les-couleurs-de-la-seine\/#primaryimage"},"thumbnailUrl":"https:\/\/academy.vg\/wp-content\/uploads\/2025\/03\/Couleurs-seine-Asnieres.jpg","datePublished":"2025-03-07T12:19:55+00:00","dateModified":"2025-03-08T08:42:33+00:00","breadcrumb":{"@id":"https:\/\/academy.vg\/fr\/event\/conference-van-gogh-et-les-couleurs-de-la-seine\/#breadcrumb"},"inLanguage":"fr-FR","potentialAction":[{"@type":"ReadAction","target":["https:\/\/academy.vg\/fr\/event\/conference-van-gogh-et-les-couleurs-de-la-seine\/"]}]},{"@type":"ImageObject","inLanguage":"fr-FR","@id":"https:\/\/academy.vg\/fr\/event\/conference-van-gogh-et-les-couleurs-de-la-seine\/#primaryimage","url":"https:\/\/academy.vg\/wp-content\/uploads\/2025\/03\/Couleurs-seine-Asnieres.jpg","contentUrl":"https:\/\/academy.vg\/wp-content\/uploads\/2025\/03\/Couleurs-seine-Asnieres.jpg","width":910,"height":610},{"@type":"BreadcrumbList","@id":"https:\/\/academy.vg\/fr\/event\/conference-van-gogh-et-les-couleurs-de-la-seine\/#breadcrumb","itemListElement":[{"@type":"ListItem","position":1,"name":"Évènements","item":"https:\/\/academy.vg\/fr\/events\/"},{"@type":"ListItem","position":2,"name":"Conférence Van Gogh et les Couleurs de la Seine"}]},{"@type":"WebSite","@id":"https:\/\/academy.vg\/fr\/#website","url":"https:\/\/academy.vg\/fr\/","name":"The Van Gogh Academy","description":"Des racines aux étoiles","potentialAction":[{"@type":"SearchAction","target":{"@type":"EntryPoint","urlTemplate":"https:\/\/academy.vg\/fr\/?s={search_term_string}"},"query-input":{"@type":"PropertyValueSpecification","valueRequired":true,"valueName":"search_term_string"}}],"inLanguage":"fr-FR"}]}</script>
<!-- / Yoast SEO plugin. -->

Conférence Van Gogh et les Couleurs de la Seine - Van Gogh Academy

Évènements

Des racines aux étoiles
